321 - 506. Suppose 7*x - 1132 = g. What are the prime factors of x?
421
Let r(x) = x**2 - x + 66. Let d be r(0). Let s be ((-1)/(-3))/(11/d). Let z(j) = 55*j**2 - 10*j - 2. What are the prime factors of z(s)?
2, 3, 11
Let f(j) = 9*j**2 - 3*j**2 - 9*j**2 - 3*j**2 + 12*j + j**3 + 3*j**2 + 31. List the prime factors of f(10).
23, 37
Let o(d) = 5*d + 90. Let q be o(-14). List the prime factors of (597/4 - q/80)*1.
149
Suppose 26*t - 25*t - 395684 = -30*t. What are the prime factors of t?
2, 3191
Suppose -9*s = -52228 - 23489. What are the prime factors of s?
47, 179
Suppose 0 = n - 2*u + 12, -4*n - 4*u = -2*u - 2. List the prime factors of (3 + -5)*(1 + 703/n).
701
Suppose -5*b + s - 8987 = 0, 6 = 15*s - 17*s. Let g = b - -3301. What are the prime factors of g?
3, 167
Let b(g) = g**3 + 9*g**2 - 3*g - 33. Let d be b(-9). Let c(k) = 21*k**2 - 11*k + 8. List the prime factors of c(d).
2, 5, 83
Suppose 9*o = 55*o - 49220. What are the prime factors of o?
2, 5, 107
What are the prime factors of -15 + -1 - (-10786 - 155)?
5, 19, 23
Let i = 10634 + -5145. Suppose 569 = -6*d + i. List the prime factors of d.
2, 5, 41
What are the prime factors of ((-171522)/(-36) - -34)*(-2 + 28/6)?
2, 7, 457
Let k(q) = q + 1. Let y(a) = -1. Let h(z) = -3*z**2 + z - 4. Let t(d) = h(d) - y(d). Let v(g) = 2*k(g) - t(g). List the prime factors of v(5).
5, 17
Let w(z) = z**3 + 6*z**2 - 10*z - 16. Let s be w(-7). Suppose -3*t + 10 = 4*f, -s*t = -2*t - 2*f + 14. List the prime factors of (1/t)/((-11)/44).
2
What are the prime factors of (-2)/(-8) + 4378677/492?
2, 5, 89
Let o = 2621 - 810. Let h = o - 1078. What are the prime factors of h?
733
Let c = -69 + 131. Suppose -5*j - c = -537. Let w = -48 + j. List the prime factors of w.
47
Suppose -32*l - 20 = -36*l, 0 = 3*v - 5*l - 33758. What are the prime factors of v?
11261
Suppose 2 = 7*d - 34984. List the prime factors of d.
2, 3, 7, 17
Let i = -230 - -223. List the prime factors of (-259)/i + (2 - (2 - 0)).
37
Let r(n) = 51*n - 1. Let i be 7/(-28) - (-3)/(12/29). Let s(l) = -l**3 + 8*l**2 - 5*l - 12. Let d be s(i). List the prime factors of r(d).
101
Let u = 29211 - 20768. What are the prime factors of u?
8443
Let z be 10/(-35) - (-312)/14. Suppose -14*j = -z*j + 3768. List the prime factors of j.
3, 157
Suppose 4*s - 34 = -2*b + 32, -4*b - 48 = -2*s. Let v be (-6127)/7 - (-7)/(441/s). Let n = -570 - v. What are the prime factors of n?
5, 61
Let d(w) be the third derivative of w**5/40 + 235*w**4/24 - 13*w**3/3 - 38*w**2. Let h(y) be the first derivative of d(y). List the prime factors of h(0).
5, 47
Let s(f) = 3*f - 1. Let t be s(2). Suppose k - 157 = -w - 30, -5*w = -t*k + 675. List the prime factors of k.
131
Suppose -3*n + 4*r + 0*r + 292 = 0, -n + 2*r = -98. List the prime factors of (n/(-45) - (-4)/(-6))*-260.
2, 7, 13
Suppose -h = y - 1092, 5*y + 21 = 6. Let a = 83 + h. List the prime factors of a.
2, 19, 31
Suppose -4*o + 20381 + 8531 = 4*q, o = -3*q + 7234. List the prime factors of o.
5, 17
Suppose -3 = 5*x + 22. Let n(i) = -2*i**2 + 15*i + 7. Let p(o) = -o**2 + 7*o + 4. Let z(h) = x*p(h) + 2*n(h). What are the prime factors of z(16)?
2, 5, 17
Suppose -28*w + 1157357 + 245880 = -246355. List the prime factors of w.
2, 3, 1091
Suppose 113986 = 4*u + 3*x + 23889, -u + x = -22512. List the prime factors of u.
7, 3217
Suppose 1805 = 2*d - 3763. List the prime factors of d.
2, 3, 29
Let n be 2088/(-45)*(3 + (-22)/4). Suppose t + n = -2*z + 3*z, 5*z + 5*t - 590 = 0. What are the prime factors of z?
3, 13
Suppose 0 = 5*s - 3*s + 3*i + 131, 3*s + 177 = 2*i. Let y be 3/6 - 246/(-4). Let w = y - s. List the prime factors of w.
3, 41
List the prime factors of (-8 - (-54)/(-6)) + 11806.
11789
Suppose 2*m - 5*b + 5 + 4 = 0, -2*m = 2*b + 2. What are the prime factors of (-4)/12*3/m*398?
199
Suppose 44*v + 30 = 39*v. Let o be 4/v + (-150)/45. Let m(b) = -2*b + 2. List the prime factors of m(o).
2, 5
What are the prime factors of 38 - 41 - (-106236)/3?
3, 11, 29, 37
Suppose 9*k + 44653 = 237217. What are the prime factors of k?
2, 3, 1783
Suppose 4*x - 40 + 0 = 0. Suppose x*y = 8*y + 6. Suppose 5*s + 53 = 4*b, -3*b + y*s + 2*s + 41 = 0. List the prime factors of b.
2, 3
Let p(g) = 2*g**2 + 53*g + 544. What are the prime factors of p(61)?
13, 863
Suppose 1480*h = 1478*h + 2*u + 2522, -2*h + 5*u = -2546. What are the prime factors of h?
7, 179
Suppose -20 = 4*s + 2*i, -i + 4*i = -3*s - 15. What are the prime factors of (-1 + s + 7)*(-1 + 232)?
3, 7, 11
Let t(v) = 9*v**2 - 26*v - 550. What are the prime factors of t(39)?
5, 97
Suppose 6 = 24*v - 114. Suppose -3*r + 166 + 1669 = -v*c, 3*c + 3 = 0. List the prime factors of r.
2, 5, 61
Let n(o) = o**3 + 19*o**2 - 20*o + 3. Suppose 0 = -3*x - 49 - 11. Let f be n(x). Suppose 4*a = f*i - 610, -a = 2*i + a - 416. List the prime factors of i.
2, 103
Let t = 4179 + -2835. List the prime factors of t.
2, 3, 7
Let o = -8432 - -3714. What are the prime factors of o/(-10) - (-12)/(-15)?
3, 157
Let o(n) = 10*n**3 - 5*n**2 - 9*n + 26. Let a be o(4). Suppose 4*t - a = -5*p + 89, 0 = t - p - 171. What are the prime factors of t?
2, 83
Let f(i) = -4*i**3 - i + 5. Let j be f(0). Suppose 8*p + r - 916 = j*p, r + 308 = p. What are the prime factors of p?
2, 3, 17
Let c(b) = -b**3 + 119*b**2 - 1120*b - 163. List the prime factors of c(103).
59, 919
Let q(y) = 555*y**2 + 5*y. What are the prime factors of q(-4)?
2, 5, 443
Let u(f) = -277*f - 119. Let j(c) = 138*c + 59. Let g(w) = 11*j(w) + 6*u(w). What are the prime factors of g(-3)?
367
Suppose 3*y - 5*y + 24 = 0. Let n(j) = 3*j. Let a(q) = -44*q - 18. Let h(z) = -2*a(z) - 28*n(z). What are the prime factors of h(y)?
2, 3, 7
Let f be (-9)/27 + (-76)/(-12). Suppose 0 = -f*k + 2*k - 4*z + 680, 645 = 4*k - 3*z. List the prime factors of k.
3, 5, 11
Let u(p) = 295*p - 12. Let k be u(-4). Let b = -592 - k. Suppose -52*m + 47*m = -b. List the prime factors of m.
2, 3, 5
Let y(n) = 149*n**3 - 26*n**2 + 3*n - 29. Let s(r) = 50*r**3 - 9*r**2 + r - 10. Let x(a) = -17*s(a) + 6*y(a). List the prime factors of x(2).
2, 13
Let d = -6 + 49. Suppose -d = 5*i - 2*n + 7, 0 = -4*n. Let f(q) = -12*q - 41. What are the prime factors of f(i)?
79
Suppose 19*h = 5*t + 22*h - 19592, 0 = -4*t + 3*h + 15679. List the prime factors of t.
3919
Let b(a) = 39*a**2 - 24*a - 140. Let u be b(-6). Suppose 0 = -12*i + 23*i - u. What are the prime factors of i?
2
Suppose z = -2*x - 2*x + 346, -x - 1316 = -4*z. Suppose -65 - z = -5*t. Let m = t - 11. List the prime factors of m.
2, 17
Let a(p) = 22*p**2 + 6*p + 249. What are the prime factors of a(-14)?
11, 37
Let o(r) = 5*r + 48. Let k be o(-9). Let d(n) = -3*n + 12. Let m be d(k). Suppose 4*u - 372 = -t, -m*u + 3*t - 82 = -4*u. What are the prime factors of u?
2, 47
Suppose -6*o = 38 + 190. Let v = -36 - o. Suppose v*h + 16 = 214. What are the prime factors of h?
3, 11
List the prime factors of (-16)/5*(-54300)/80.
2, 3, 181
Let d be (-9)/(630/20) - 38/14. List the prime factors of -4 - (d + 7 + (-6127)/11).
3, 61
Let h(i) = 38*i**2 - 17*i - 469. List the prime factors of h(-20).
7, 2153
List the prime factors of ((-53190)/(-35))/(36/168).
2, 3, 197
Suppose -i + 12*i - 1133 = 0. Suppose -2*j + 5*q = -347, 3*j - 4*q = i + 400. List the prime factors of j.
7, 23
Let b(l) = -2*l - 9. Let s be b(-7). Let g(a) = -15*a + 712. Let q be g(24). Suppose 43 = s*c - q. What are the prime factors of c?
79
Suppose 5*x = -3 + 18. Suppose 478 + 1646 = 4*n + x*i, -4*n = -i - 2124. Suppose -n = -5*g - 111. List the prime factors of g.
2, 3, 7
Let a = -11357 - -26801. What are the prime factors of a?
2, 3, 11, 13
List the prime factors of (-6)/(-10) - 1 - ((-2560872)/30 - 16).
2, 42689
Let d be 15/60 - 737/(-44). Let b(c) be the third derivative of c**4/6 + 11*c**3/3 - c**2. List the prime factors of b(d).
2, 3, 5
Let f be (1/(-5))/(32/(-2080)). Suppose -2*v = 3*m - 1300, -14*m + f*m = -v - 425. What are the prime factors of m?
2, 5, 43
Suppose -234 = -29*i + 23*i. Let q(a) = a**2 - 37*a + 133. List the prime factors of q(i).
211
Suppose 3*j - 18 = -l, j = -4*l + 2 + 37. Let d(t) = 4*t - 45. Let y(u) = 15*u - 179. Let w(p) = l*d(p) - 2*y(p). What are the prime factors of w(21)?
79
What are the prime factors of ((-384)/60)/(7/(-49910))?
2, 23, 31
Let o(m) 